 to base 16
6
-22 (base 4) to base 15
-a
What is 122 (base 3) in base 2?
10001
What is 113 (base 10) in base 9?
135
Convert 44 (base 16) to base 15.
48
-3 (base 8) to base 13
-3
What is -2 (base 14) in base 12?
-2
4 (base 11) to base 7
4
4 (base 12) to base 13
4
1 (base 9) to base 6
1
What is 3 (base 11) in base 2?
11
1 (base 8) to base 5
1
100 (base 2) to base 15
4
Convert -44 (base 9) to base 8.
-50
Convert -111 (base 3) to base 14.
-d
What is -1 (base 7) in base 8?
-1
Convert 10 (base 6) to base 7.
6
What is -55 (base 12) in base 16?
-41
What is -50 (base 10) in base 6?
-122
Convert 8 (base 13) to base 4.
20
Convert -21 (base 10) to base 6.
-33
Convert -1 (base 4) to base 6.
-1
Convert 1111001 (base 2) to base 5.
441
Convert -323 (base 4) to base 16.
-3b
33 (base 5) to base 3
200
-2 (base 4) to base 8
-2
What is 13 (base 13) in base 15?
11
4 (base 9) to base 15
4
What is -100010 (base 2) in base 14?
-26
Convert -5 (base 6) to base 16.
-5
What is -201 (base 3) in base 12?
-17
10 (base 2) to base 9
2
What is 6 (base 16) in base 8?
6
-1 (base 7) to base 3
-1
-1 (base 3) to base 2
-1
2 (base 9) to base 11
2
2 (base 5) to base 16
2
What is -1 (base 4) in base 9?
-1
What is 1 (base 11) in base 10?
1
What is 2 (base 13) in base 3?
2
Convert 12 (base 9) to base 13.
b
1211 (base 4) to base 10
101
Convert -2 (base 16) to base 4.
-2
62 (base 8) to base 10
50
-1 (base 8) to base 3
-1
Convert 43 (base 12) to base 14.
39
What is -2000 (base 3) in base 2?
-110110
-16 (base 14) to base 10
-20
Convert 36 (base 13) to base 16.
2d
-1 (base 6) to base 4
-1
d (base 16) to base 3
111
Convert -4 (base 14) to base 12.
-4
Convert -235 (base 10) to base 5.
-1420
Convert 3 (base 4) to base 6.
3
What is 111 (base 3) in base 4?
31
Convert -1 (base 11) to base 4.
-1
-2 (base 4) to base 7
-2
What is -140 (base 12) in base 5?
-1232
Convert -11 (base 2) to base 15.
-3
Convert 20 (base 3) to base 9.
6
What is -3a (base 11) in base 8?
-53
What is -5 (base 15) in base 10?
-5
-17 (base 12) to base 5
-34
11 (base 3) to base 8
4
Convert 3a (base 13) to base 3.
1211
-10 (base 12) to base 10
-12
What is 8 (base 15) in base 6?
12
43 (base 5) to base 9
25
What is -2120 (base 3) in base 4?
-1011
What is -10212 (base 3) in base 7?
-206
-10 (base 10) to base 4
-22
What is 61 (base 10) in base 5?
221
Convert 24 (base 8) to base 13.
17
-13 (base 7) to base 12
-a
What is -42 (base 6) in base 15?
-1b
What is 10 (base 4) in base 8?
4
Convert 13 (base 4) to base 3.
21
What is 3b (base 14) in base 3?
1222
63 (base 8) to base 10
51
What is 3 (base 11) in base 7?
3
What is -133 (base 4) in base 7?
-43
Convert -20 (base 4) to base 3.
-22
Convert 1 (base 13) to base 7.
1
What is 23 (base 8) in base 11?
18
23 (base 15) to base 7
45
Convert -12 (base 3) to base 7.
-5
Convert -1 (base 13) to base 6.
-1
What is 4 (base 10) in base 14?
4
What is 15 (base 10) in base 8?
17
-1b (base 13) to base 5
-44
What is 92 (base 10) in base 6?
232
What is 11 (base 9) in base 2?
1010
Convert -2 (base 3) to base 7.
-2
Convert -20112 (base 3) to base 13.
-107
33 (base 5) to base 16
12
-9a (base 13) to base 16
-7f
What is 1 (base 11) in base 13?
1
14 (base 6) to base 13
a
Convert 2010 (base 5) to base 15.
120
85 (base 9) to base 10
77
Convert 23 (base 16) to base 5.
120
What is -94 (base 10) in base 2?
-1011110
What is -8 (base 14) in base 10?
-8
Convert -2 (base 9) to base 7.
-2
30 (base 11) to base 2
100001
What is 25 (base 6) in base 16?
11
What is 7 (base 8) in base 4?
13
Convert 4 (base 13) to base 2.
100
What is -1 (base 4) in base 6?
-1
Convert 9 (base 10) to base 5.
14
185 (base 10) to base 5
1220
What is -305 (base 8) in base 11?
-16a
What is -126 (base 8) in base 14?
-62
What is -19 (base 10) in base 6?
-31
What is -2 (base 5) in base 9?
-2
-203 (base 5) to base 14
-3b
Convert 130 (base 4) to base 10.
28
126 (base 12) to base 11
149
Convert 1122 (base 3) to base 12.
38
What is -65 (base 11) in base 4?
-1013
-130 (base 7) to base 14
-50
Convert -31 (base 7) to base 8.
-26
Convert -be (base 15) to base 12.
-12b
What is -1 (base 9) in base 8?
-1
Convert 3b (base 14) to base 8.
65
What is 21 (base 3) in base 4?
13
3 (base 11) to base 16
3
Convert 10 (base 2) to base 16.
2
What is 113 (base 6) in base 14?
33
What is 202 (base 7) in base 14?
72
14 (base 8) to base 2
1100
What is -6 (base 16) in base 9?
-6
Convert 90 (base 10) to base 3.
10100
What is -1221 (base 4) in base 15?
-70
-6 (base 14) to base 12
-6
-2 (base 16) to base 12
-2
24 (base 6) to base 4
100
Convert -511 (base 6) to base 8.
-273
Convert -15 (base 11) to base 9.
-17
132 (base 7) to base 10
72
-24 (base 12) to base 2
-11100
What is -3 (base 14) in base 13?
-3
Convert 20 (base 15) to base 14.
22
-12 (base 3) to base 14
-5
63 (base 12) to base 13
5a
2 (base 13) to base 3
2
What is 5 (base 15) in base 4?
11
82 (base 16) to base 5
1010
Convert -11 (base 6) to base 16.
-7
Convert 0 (base 12) to base 2.
0
Convert -74 (base 8) to base 10.
-60
Convert 3 (base 12) to base 11.
3
Convert -130 (base 12) to base 13.
-10b
What is -2010 (base 3) in base 9?
-63
What is 12 (base 11) in base 7?
16
Convert 0 (base 2) to base 15.
0
Convert -14 (base 7) to base 12.
-b
Convert -2 (base 11) to base 13.
-2
What is -11 (base 10) in base 16?
-b
-43 (base 7) to base 4
-133
What is a (base 16) in base 5?
20
8b (base 12) to base 2
1101011
Convert -26 (base 8) to base 12.
-1a
Convert 22 (base 4) to base 9.
11
Convert 5 (base 11) to base 7.
5
-20 (base 6) to base 12
-10
45 (base 8) to base 9
41
Convert 1 (base 10) to base 16.
1
Convert 20 (base 5) to base 13.
a
9 (base 16) to base 11
9
-4 (base 6) to base 14
-4
46 (base 13) to base 12
4a
What is -26 (base 12) in base 7?
-42
Convert 1001 (base 2) to base 16.
9
What is 21 (base 14) in base 2?
11101
Convert -80 (base 12) to base 11.
-88
3 (base 11) to base 13
3
Convert -1100 (base 2) to base 3.
-110
Convert -2 (base 15) to base 14.
-2
Convert 232 (base 10) to base 9.
277
Convert -17 (base 8) to base 7.
-21
What is 30 (base 7) in base 13?
18
-1 (base 6) to base 8
-1
1 (base 12) to base 2
1
What is -a (base 14) in base 5?
-20
-3 (base 16) to base 11
-3
-95 (base 11) to base 8
-150
Convert 4 (base 10) to base 4.
10
Convert 100100 (base 2) to base 10.
36
Convert -3 (base 16) to base 9.
-3
Convert -31 (base 5) to base 9.
-17
Convert 12 (base 3) to base 14.
5
-1 (base 12) to base 3
-1
What is 4b (base 15) in base 13?
56
What is -42 (base 6) in base 11?
-24
-11101100 (base 2) to base 6
-1032
Convert -4 (base 10) to base 4.
-10
Convert -6 (base 8) to base 5.
-11
-220 (base 4) to base 13
-31
What is -35 (base 11) in base 6?
-102
Convert 114 (base 5) to base 2.
100010
Convert -10 (base 3) to base 2.
-11
Convert 37 (base 10) to base 11.
34
-4b (base 13) to base 2
-111111
-21 (base 7) to base 16
-f
2 (base 5) to base 6
2
Convert -48 (base 11) to base 13.
-40
What is 1 (base 7) in base 14?
1
What is -19 (base 14) in base 11?
-21
Convert -7 (base 8) to base 2.
-111
2b (base 14) to base 6
103
-5 (base 7) to base 10
-5
Convert 6 (base 9) to base 10.
6
What is -18 (base 14) in base 4?
-112
Convert 82 (base 9) to base 6.
202
Convert 1100101 (base 2) to base 15.
6b
Convert 2 (base 16) to base 10.
2
-20 (base 5) to base 15
-a
What is 46 (base 14) in base 6?
142
-324 (base 5) to base 14
-65
What is 8 (base 10) in base 14?
8
Convert -10123 (base 4) to base 11.
-238
What is -3 (base 10) in base 7?
-3
What is 120 (base 3) in base 5?
30
4 (base 10) to base 13
4
5 (base 15) to base 4
11
What is -20 (base 6) in base 3?
-110
What is 4 (base 5) in base 11?
4
What is -27 (base 8) in base 10?
-23
What is 152 (base 6) in base 16?
44
3 (base 16) to base 8
3
-1 (base 10) to base 2
-1
Convert -2 (base 15) to base 11.
-2
What is -3 (base 7) in base 15?
-3
Convert -1a (base 12) to base 13.
-19
44 (base 6) to base 2
11100
What is -1034 (base 5) in base 9?
-170
Convert -10111 (base 3) to base 11.
-86
-118 (base 10) to base 8
-166
Convert 4 (base 9) to base 10.
4
What is 22 (base 4) in base 10?
10
What is -1111111 (base 2) in base 5?
-1002
-2 (base 10) to base 14
-2
What is -12 (base 6) in base 3?
-22
What is -11 (base 2) in base 13?
-3
Convert -3 (base 8) to base 6.
-3
65 (base 8) to base 2
110101
-1200 (base 4) to base 10
-96
Convert -30 (base 11) to base 12.
-29
